 96 + -98. Suppose 2*b = d + 4*b, -3*d = 4*b - 6. Let c be (p + (d/2 - 1))/(-2). Determine v(c).
4
Suppose -2*s - 1362 = 2*g, -4*g = g - s + 3435. Let f = g + 683. Let n(d) = -d - 8. Determine n(f).
-5
Let j(a) = -59*a**2 + 27*a + 7. Let l(o) = -71*o**2 + 30*o + 6. Let m(q) = -6*j(q) + 5*l(q). Calculate m(-5).
23
Let m(w) be the first derivative of -w**2/2 - 10*w + 253. Let u(o) = -2*o**3 - 14*o**2 - o - 14. Let v be u(-7). Calculate m(v).
-3
Let r = 69 - 67. Suppose 4*c - n + 4*n - 39 = 0, -2*c + 16 = -r*n. Let y(k) = -k**2 + 2*k + 530 - 3*k**3 - 531 + c*k**3. Calculate y(1).
6
Let b(y) = -71*y + 6. Let l(i) = 25*i - 2. Let g(r) = 6*b(r) + 17*l(r). Let a be ((-1)/(-1))/(3*(-2)/(-48)). Calculate g(a).
-6
Let a(n) be the second derivative of 0*n**2 - 1/12*n**4 - 1/3*n**3 + n - 12. Give a(-1).
1
Let b = -13 - -11. Let m(d) = 1 - 365351*d + 2 + 365366*d. Calculate m(b).
-27
Let l(m) = 35*m. Let v(z) = z**2 - 99*z + 12. Let f(k) = 3*l(k) + v(k). Give f(-5).
7
Let t(s) = 2*s**3 - 3*s**2 - s + 2. Suppose -14*l + 3*x - 48 = -18*l, -5*l + 53 = 2*x. Let v = -7 + l. Give t(v).
4
Let p be 10 - (124/806 + (24/13 - -2)). Let r(b) = 5*b - 11. What is r(p)?
19
Let a(w) = -3*w + 0 - 2 - 1 - 4. Let g be a(-8). Suppose -g = -3*f - 8. Let s(o) = -o**2 + 5*o - 3. What is s(f)?
3
Let f(o) = -o**2 + o + 2. Let t be -2*(-18 + 15/5). Suppose -3*w = -2*v - 5, -2*v + 4*w - 8*w = -t. Suppose -7*s = -6*s - 2*d - 4, -v*s - 3*d = 19. Give f(s).
-4
Suppose -3*p = -8*p + 80. Suppose -o = 4*d - p, 0 = -2*d - 6*o + 3*o + 8. Suppose -2*x + 4*q = -4*x - 2, d = -2*q. Let a(u) = 3*u - 4. Calculate a(x).
5
Let u(o) = -o**3 - 18*o + 8. Let l(w) = -3*w**3 - 45*w + 17. Let n(y) = -2*l(y) + 5*u(y). Suppose -d - 2*m = -0*m + 10, -20 = 5*d + 4*m. Give n(d).
6
Let d be 2/(-9) + 22/99. Suppose 16 = 4*w - 4*i - d*i, 0 = -3*w - i + 8. Let k(o) = -o**3 + 4*o**2 + o - 3. Calculate k(w).
9
Let j(v) = -2*v**2 - 1. Let d be ((-580)/6)/(9 + 52/(-6)). Let w = -291 - d. Determine j(w).
-3
Let s(x) = -x**2 - 18*x + 12. Suppose 0 = -6035*w + 6049*w + 126. Give s(w).
93
Let q(d) = 1. Let f(b) = b - 1. Let o(l) = f(l) - 3*q(l). Suppose n = -2*j + 13, j - 2*n = -2 + 1. Suppose -2*s + 6 = -x + 4*x, -10 = j*s - 5*x. Determine o(s).
-4
Let w(g) be the third derivative of 3*g**4/4 - 556*g**2. Give w(-3).
-54
Let p = -116 - -55. Let j = -54 - p. Let k(c) = -3 - 16*c**2 - 3*c + j*c**3 + 13*c**2 - 10*c**3 + 4*c**3. What is k(4)?
1
Let y(w) = -527 + 1058 - 514 - w**3 + 10*w**2 - 2*w. Determine y(10).
-3
Let l(o) = -o**3 - 11*o**3 - 2*o**2 - 3*o - 3 + 11*o**3. Let b = 43 - 22. Suppose b*f = 7*f - 28. Give l(f).
3
Let k(d) be the third derivative of 2*d**2 + 1/24*d**4 + 0 - 1/120*d**6 + 0*d**3 + 0*d - 1/20*d**5. Let c = 1642 + -1640. Determine k(c).
-18
Suppose -7*m - 491 = -393. Let d(n) = n**2 + 10*n - 33. What is d(m)?
23
Let w(k) = -15*k**3 - 4*k**2 - 9*k - 1. Let z(p) = 30*p**3 + 7*p**2 + 16*p + 2. Let l(j) = 7*w(j) + 4*z(j). What is l(-1)?
-15
Let l(h) = 1006*h - 1003. Let m be l(1). Let c(x) = -x**2 - 8*x + 36. What is c(m)?
3
Let n(k) = -8*k - 1. Let s = 9 - 8. Let b be (-6*s/(-3))/(-2) - 4. Calculate n(b).
39
Let o(d) = 8*d - d + 2*d. Let f(q) be the second derivative of -q**5/20 + q**3/6 + q**2/2 - 171*q. Let i be f(0). What is o(i)?
9
Let n(d) = 4*d - 1. Suppose 9*t + 3528 = 23*t. Let r = -253 + t. Give n(r).
-5
Let t(u) be the second derivative of u**3/3 - 2*u**2 - 2*u. Suppose -171*n + 174*n - 5*a + 5 = 0, -29 = 5*n + 2*a. Give t(n).
-14
Let y(k) = k**3 + 10*k**2 + 16*k - 3. Let q be y(-8). Let f(l) = 5 - 4 - 1 + 5*l**2 - 4 + l. What is f(q)?
38
Let q(s) = 112*s**3 + 4*s**2 - s - 7. Let f(m) = 131*m**3 + 5*m**2 - m - 6. Let o(u) = 6*f(u) - 7*q(u). Give o(-3).
-26
Let a = -65 - -77. Let w(o) = a + 6 - 20 - 4*o. Calculate w(3).
-14
Let u be -3 - 0 - (1 + 0/2). Let n be 514/8 - (u - (-85)/20). Let h = 71 - n. Let o(p) = -p + 2. What is o(h)?
-5
Let k(c) = 4*c - 151. Let r be k(37). Let v(o) = o**2 - 4*o - 2 - 6*o**2 + 4*o**2. Give v(r).
1
Let r(t) = -t**2 + 67*t - 254. Let b be r(63). Let h(m) = 2*m + 5. What is h(b)?
1
Let p = -49866 + 49863. Let q(c) = -9*c - 1. Let m(y) = 26*y + 3. Suppose -3 = -2*l + 9. Let w(k) = l*m(k) + 17*q(k). Calculate w(p).
-8
Let f(x) = -x**2 + 21*x - 39. Let t = 9567 + -9550. What is f(t)?
29
Let q(m) = 17*m**3 - 3*m**2 - 5*m - 7. Let s(i) = -13*i**3 + 3*i**2 + 3*i + 6. Let b(p) = 3*q(p) + 4*s(p). Let v be 1/(3/6) - (-3 - -2). Give b(v).
-6
Let j(d) be the first derivative of -d**4/4 + 7*d**3/3 + d**2/2 + 10*d + 1. Suppose -87 = -15*a - 46 + 64. Calculate j(a).
17
Let f(g) = g**2 + g - 43. Suppose 41*q + 1380 - 1052 = 0. Calculate f(q).
13
Let i(d) = d + 3. Let k(g) be the first derivative of -g**4/4 - 4*g**3 - 7*g**2 - 14*g - 9. Let c be k(-11). Suppose -4*s - c = -3. Give i(s).
-1
Suppose 5 + 11 = -8*m. Let v be 10/8 - m/(-8) - 3. Let x be 6*(-1)/v - (3 + -5). Let g(a) = a**2 - 3*a - 4. Determine g(x).
6
Let a(v) be the first derivative of -v**2/2 - 12*v - 35409. Let n be 0/(0 + (-4)/2). What is a(n)?
-12
Let h(j) = 1 + 833*j - 278*j - 276*j + 2*j**2 - 277*j. Suppose 3*i - 2*i = 4. Suppose i = -4*m + 2*m. Give h(m).
5
Suppose -p + 192 = -7*v, -3*v - 82 + 7 = 2*p. Let s(u) = u**3 + 28*u**2 + 25*u - 45. What is s(v)?
9
Let s(b) = -162 - 46*b**2 + 33*b**2 + 14*b**2 - 26*b. What is s(31)?
-7
Suppose s - 2*v = 13, 120 - 18 = 3*s - 13*v. Let g(d) = 0*d - d + 5*d - 5. Calculate g(s).
-25
Let l(b) = -b**3 - 11*b**2 - 2*b - 20. Suppose t + 2*d + 11 = 0, -4*t - 4*d - 71 = -27. Let f be l(t). Let w(q) = q**3 - q**2 + 2. Determine w(f).
6
Let z be ((-4 + 4)/(-4))/(-3). Suppose 4*n - 13 + 1 = z. Let l(x) = -19*x**n - 16*x**3 - 2 + 36*x**3 + 4*x**2. Determine l(-3).
7
Let h(t) = -2*t - 18. Let o be -310 - (646/722 + (-2)/(-19)). Let m = -319 - o. Give h(m).
-2
Let d(w) be the first derivative of w**4/4 - w**3 - 3*w**2/2 + w + 2726. Suppose -2*h + 2 + 6 = 0. Determine d(h).
5
Let q(v) = 4*v**3 + v**2 - 12*v - 6. Let t(g) = -5*g**3 + 13*g + 7. Let m = -160 - -94. Let y = 69 + m. Let c(s) = y*t(s) + 4*q(s). Give c(-6).
-21
Let z(t) = -t - 4 + 0 - 4 + 6. Let c be 2 - -4 - 13 - (-4 - -3)*12. Determine z(c).
-7
Let k = -536 - -1364. Let x = -834 + k. Let l(z) = z**3 + 7*z**2 + 2*z - 8. Give l(x).
16
Let u(w) = -w**3 + 2*w**2 + 24*w - 6. Suppose 0 = 69*h + 343 - 757. Determine u(h).
-6
Let o = 364 - 359. Let z(g) = 3*g - 13. Let a(c) = -4*c + 14. Let d(b) = -2*a(b) - 3*z(b). Let m(l) = -l + 12. Let f(k) = -3*d(k) + 2*m(k). Calculate f(o).
-4
Let m(q) = -q**3 - 9*q**2 - 22*q - 18. Let o(u) = u**3 + 122*u**2 - 244*u + 491. Let g be o(-124). What is m(g)?
-8
Let y be 1 + (-4 - -5) + -1 + 2. Let u be 2/y + (-44)/(-33). Let r(j) = 10 + 5*j**2 - j**2 + u*j**2 + j**3 - 12. Determine r(-6).
-2
Let c(y) = -11*y - 4*y**2 - 12*y - 1 + 14*y**2 - 8*y**2. Determine c(10).
-31
Let m(v) be the third derivative of v**5/20 + 55*v**4/24 - 13*v**3/2 - 14*v**2 - 21. What is m(-19)?
-1
Suppose -2*d + 0*n = 4*n - 40, 3*d - 60 = n. Suppose -5*o = -d, 5*k - 4*o = -2*o + 42. Suppose 10 = 5*y - k*y. Let v(p) = -3*p**2 - 3*p. Calculate v(y).
-6
Let f be 2/4 + (-65)/(-20)*2. Let q(h) = 7*h - 3 - h**3 - 2*h**2 + 0*h + 8*h**2 + 0*h**3. Determine q(f).
-3
Let m(u) = 10*u**3 + 2*u**2 + 3*u + 60. Let k(j) = 19*j**3 + 4*j**2 + 5*j + 109. Let s(n) = 6*k(n) - 11*m(n). Determine s(-1).
-5
Let j(n) = 61*n**2 + 368*n + 8. Let t be j(-6). Let q(d) = -2*d - 11. Calculate q(t).
-3
Let k(y) = 11*y + 514513*y**2 - 11 - 514514*y**2 - 26. Determine k(12).
-49
Let r be 57/6*(3 - 1). Let v = 41 - r. Let a = -26 + v. Let f(b) = b**3 + 4*b**2 + 2*b - 1. Determine f(a).
-9
Let t(i) = i - 40599 + 20303 + 20297. Let c = -1 + -5. Let l be 4*(-3)/c*4. What is t(l)?
9
Let m(k) = -4*k**2 - 14*k + 29. Let o(b) = -b**2 + 2. Let l be 4/(-14) + (-1)/((-49)/(-35)). Let v(r) = l*m(r) + 5*o(r). Determine v(13).
-6
Let n(a) = -3*a + 5. Let f be -2 - -2*36/16*-12. Let i = -51 - f. Determine n(i).
-10
Let v be -1*(-6)/(-4)*(-2)/3. Let j(x) be the first derivative of 9*x**4 - x**3/3 + x**2/2 - 4822. Determine j(v).
36
Let r(p) = p**3 + 31*p**2 + 28*p - 68. Let c = -197 - -167. Let y be r(c). Let j(x) = -x**3 - 7*x**2 + 9*x - 11. Determine j(y).
-19
Let q(a) = a**2 - a + 1. Suppose 0 = -16*t - 4142 + 4062. Calculate q(t).
31
Suppose 0 = 34*s - 31*s - 12. Le